 + 7)). Suppose -n + 4*n - 12 = t. Suppose -4*c + 49 - 165 = -s, -n*c + 380 = 3*s. What is the units digit of s?
4
Let y be (-40)/(-60)*1917/6. Suppose -y*v = -221*v + 5592. What is the units digit of v?
9
Suppose 34406 = 2*n + 193*m - 197*m, 3*n - 4*m = 51601. What is the thousands digit of n?
7
Suppose 5*m - 5*i - 5060 = 0, -4*m - 4*i + 1524 = -2548. Let j = 1891 - m. What is the hundreds digit of j?
8
Suppose 0 = 31*g - 23 - 39. Let z be (1/(-2))/((-2)/40). Suppose 0 = -g*c + 32 + z. What is the units digit of c?
1
Let f(l) = 2*l**2 + 9*l - 21. Let b be f(-8). Let a = b + 185. What is the tens digit of a?
2
Let a(s) = 853*s + 53. Let f be a(1). Suppose -904*d = -f*d + 3756. What is the tens digit of d?
7
Let j be 159 + -13 - (1 + 0). Let t = 221 - j. Suppose 2*v - t = -2*v. What is the units digit of v?
9
Let i(s) be the first derivative of 59*s**3 - s**2 - s + 102. What is the hundreds digit of i(1)?
1
Let z(n) = 1680*n + 87. What is the units digit of z(10)?
7
Let q be 735 - 5/(6 + -11). Suppose x + 22*x - q = 0. What is the tens digit of x?
3
Let d be (2102*(-3)/(-8))/((-39)/(-208)). Let s be (-2)/(-9) - (d/(-36) - -3). Let r = s - -71. What is the tens digit of r?
8
Suppose -261331 - 288834 = -87*n + 32*n. What is the tens digit of n?
0
Let y(f) = f**2 - 2*f - 12. Let m be y(5). Suppose -99 = -m*v + 174. Let g = v + -56. What is the tens digit of g?
3
Suppose 173*q - 36352 = 141*q. What is the tens digit of q?
3
Suppose 0 = -4*v + 16*v - 11220. Suppose -5*q + 947 = 26*p - 25*p, 0 = p + 2*q - v. What is the hundreds digit of p?
9
Suppose -299*q + 6997 = x - 301*q, 15 = 3*q. What is the units digit of x?
7
Suppose 13*v = -5532 + 8652. What is the tens digit of v?
4
Let l(v) = 13*v**2 - 16*v - 5. Let p be l(-11). Suppose -p = -15*o + 7*o. What is the tens digit of o?
1
Suppose 0 = 2*b - 11*b + 6057. Let v = b - 364. What is the units digit of v?
9
Let u = -64360 + 137077. What is the hundreds digit of u?
7
Suppose n = -3*n + 24. Let l be 4/(-3) + 1094/n. Suppose -2*o + 4*w = -82, 2*w = 5*o - 0*w - l. What is the units digit of o?
5
What is the hundreds digit of 7*(1911 - -10)*(-6 - -7)?
4
Suppose i = 2*z - 9, 4*i + 30*z - 27*z + 47 = 0. Let n(x) = 4 - 4*x + 0 + 1. What is the tens digit of n(i)?
4
Let q be (3 - -5) + -47 + 7. What is the units digit of (-3)/(-12) + (-11032)/q?
5
Let a = -2403 + 3447. Suppose -3 = x, x + 3304 = 5*q - a. What is the tens digit of q?
6
Suppose -4*g - 174 = -4*x - 18, g = 0. Let j = x + -39. What is the tens digit of (j - 3012/(-11)) + 4/22?
7
Let m be ((5/(-3))/(-5))/((-3)/(-63)). Let s(z) = -3*z**2 + m - 4 - z**2 + 6*z**2 + 8*z. What is the units digit of s(5)?
3
Suppose 5*a + 3*h - 212 = 0, -4*h - 133 + 43 = -2*a. Let d = 143 + a. What is the hundreds digit of d?
1
Let r(t) = 8*t - 7. Let p be r(2). Let y be 3*2/p - (-105)/45. Suppose -3*a - 5*j + 13 = -136, y*j + 165 = 3*a. What is the units digit of a?
3
Let x(q) be the third derivative of 1529*q**6/120 + q**4/24 - q**3/6 + 24*q**2. Let a be x(1). What is the hundreds digit of 1/((-11)/a*1/(-2))?
2
Let s(w) = -2*w - 1. Let i(a) = -a**2 - 14*a + 97. Let z(t) = -i(t) + 4*s(t). What is the units digit of z(-24)?
1
Suppose 3*f + 5 = k - 2*f, -3*f = -2*k + 17. Suppose 0 = k*l - 26*l + 4656. What is the hundreds digit of l?
2
Suppose -5*t = 5*u - 93100, -t - 55848 = -9*u + 6*u. What is the ten thousands digit of u?
1
Let x = -2239 - -4727. What is the thousands digit of x?
2
Suppose 4*k + 4 = 0, -3*k + 43 - 46 = 5*l. Suppose l = -2*m - 3*d + 1140, -5*d = m - d - 575. What is the tens digit of m?
6
Suppose 12*m - 4259 - 9933 = 10*m. What is the thousands digit of m?
7
Let g = 3519 - 1725. Suppose -5*b + 2*y + 3009 = 0, -4*b + 5*y + g = -b. What is the units digit of b?
3
Suppose 0 = p - 4*u - 596 - 1, 0 = 2*p - 2*u - 1176. Suppose n + p = 2*n. Suppose 0 = -5*q + 4*z + n, 2*q + 2*q - z = 457. What is the tens digit of q?
1
What is the hundreds digit of (18661305/(-30))/83*(-1 - 3)?
9
Let i(f) = 3*f**2 + 2*f - 3. Let a be i(-2). Suppose -2*o = a*o - 2583. What is the units digit of o?
9
Let l be (-576 - 3)*(-2)/6. Suppose 0 = -3*c - 19 - 281. Let i = l + c. What is the tens digit of i?
9
Let s(j) = -j**3 + 25*j**2 + 22*j + 38. Let f be s(26). Let v = -34 - f. What is the tens digit of -67*(-2)/8 + (-24)/v?
1
Suppose 450 = 20*w - 15*w. Suppose w = v - 6*v. Let n(i) = -6*i - 18. What is the units digit of n(v)?
0
Let d be (24/18)/(8/30). Let s be (-403)/d - (-27)/45. Let v = s + 125. What is the tens digit of v?
4
Suppose u - 1 = 3. Suppose -42 = u*g - 26. What is the tens digit of 66/g*80/(-6)?
2
Let l = -567 + 559. What is the hundreds digit of (-5 - (l - (-30)/6)) + 830?
8
Let j be 89*(-3)/(-21) + 6/21. Suppose -16 = -2*n + 4*z, n - 3*n + j = -3*z. What is the units digit of n/8 - 2190/(-40)?
5
Let r(h) = 2*h**3 + 177*h**2 + 20*h + 226. What is the hundreds digit of r(-88)?
2
Let d = -22355 - -54294. What is the thousands digit of d?
1
Let x(q) = 5*q**2 - 173*q + 169. What is the hundreds digit of x(-31)?
3
Let a be (2 - 0)/(((-8)/2529)/(-4)). Suppose 18*c = 9*c + a. What is the units digit of c?
1
Suppose 0 = -7*u + 22*u - 375. What is the units digit of 557 + 2*u/(-10)?
2
Let m(r) = 13*r - 29. Let n = -55 + 58. Let s(x) = -40*x + 88. Let y(a) = n*s(a) + 10*m(a). What is the units digit of y(9)?
4
Let w(d) = 5*d**2 + 9*d - 9. Let s = 61 + -60. Let v be w(s). Suppose v = -6*u + 185. What is the tens digit of u?
3
Let y = 77 - 121. Let m = 105 + y. Let l = 140 - m. What is the tens digit of l?
7
Let y(b) = 9674*b**3 + 40*b**2 - 66*b - 12. What is the units digit of y(2)?
8
Let y be 217/2*(-180)/(-105). Suppose 16*d = 3910 + y. What is the hundreds digit of d?
2
Let d(t) be the second derivative of -5/2*t**2 + 25*t + 0 - 16/3*t**3. What is the units digit of d(-1)?
7
Let m = -250 - -252. Suppose 12*s = m*s + 5850. What is the hundreds digit of s?
5
Let r(n) = n**3 + 15*n**2 + 5*n - 37. Let t be r(-15). What is the thousands digit of t/392 + 14144/14?
1
Suppose -4*o - 3*y - 274465 = 0, 2*o + 5*y + 134430 = -2813. What is the hundreds digit of o/(-130) + (-1)/(-5)?
5
Let s = -1110 + 658. Let l = s + 809. What is the hundreds digit of l?
3
Let f = -3290 + 3683. What is the units digit of f?
3
Suppose 0*w - 943 = 4*w - k, -3*w + 4*k - 704 = 0. Let d = 486 - w. What is the tens digit of d?
2
Let f(n) = -n**2 - 8*n - 1. Let q be (-5 - -3)*(-6)/(-8)*2. Let v(s) = -s**2 - 9*s - 2. Let k(l) = q*v(l) + 2*f(l). What is the tens digit of k(-12)?
1
What is the hundreds digit of -9005*51/17*(0 + -2 + 1)?
0
Suppose 3060205 + 1580551 = 73*k. What is the hundreds digit of k?
5
Let j(o) = -2*o**3 - o**2 - 20*o - 74. Let p be ((-9)/2)/(14/28). What is the hundreds digit of j(p)?
4
Let o = 6082 - 699. What is the tens digit of o?
8
Let l(q) = -50*q - 38. Let p be l(-11). Let r = -295 + p. What is the tens digit of r?
1
Suppose 43 = -7*b - 62. Let n be (3 + 106*b/12)*-12. Suppose 0 = 16*q - 158 - n. What is the units digit of q?
7
Let g be 2 + 0/(-4) + 1. Suppose -r - g*r = 0. Suppose 9*c - 7*c - 148 = r. What is the units digit of c?
4
What is the tens digit of (-26)/(-2) - (-59558 + (-95)/(-5))?
5
Let y be 205/15 - (16/(-6))/(-4). Suppose -i + 5*r = y, 2*i + 3*r = -0*i - 39. What is the hundreds digit of (7/(-2))/((i/116)/9)?
2
Let v = -105861 + 184148. What is the ten thousands digit of v?
7
Let r(v) be the second derivative of v**5/10 - v**4/4 - v**3/6 + 3*v**2 - 4*v - 1. What is the tens digit of r(6)?
2
Let m(r) = r**2 - 14*r + 346. Let v be m(0). Let u = v - 20. What is the hundreds digit of u?
3
Suppose 2*x - 2 + 18 = -5*o, 2*x = 5*o - 36. Let d = 178 - x. What is the units digit of d?
1
Suppose 117*t - 39*t = 1838772. What is the hundreds digit of t?
5
Let b(i) = 16*i - 80. Suppose 246 = -15*m + 651. What is the hundreds digit of b(m)?
3
Let p be (-1*137)/(8/(-128)). Let b = -1365 + p. Suppose -112 + b = 5*x. What is the hundreds digit of x?
1
Suppose -j - 13*i + 8*i = -52581, -5*j + 262876 = -4*i. What is the hundreds digit of j?
5
Let t(r) = 4092*r - 3585. What is the thousands digit of t(6)?
0
Let j(c) = -647*c + 76. Let l be j(-2). Let b = l - 923. What is the tens digit of b?
4
Let q(o) = -14*o - 1188. Let g be q(-85). Suppose -4*j + 3*j = -2*u - 247, -j = -4*u - 241